 is 11607743 - -32?
11607775
In base 6, what is -2054 - 43254?
-45352
In base 16, what is -248 + -b17e?
-b3c6
In base 13, what is 623aaa0 + -4?
623aa99
In base 8, what is 45532777 + 26?
45533025
In base 10, what is -278113713 - 1?
-278113714
In base 12, what is 0 + 13155b7?
13155b7
In base 15, what is -44d + -2bb1?
-310e
In base 15, what is -22 + 74cbdc?
74cbba
In base 12, what is 30 + -14742b?
-1473bb
In base 2, what is 1110110 - -110011110010000011?
110011110011111001
In base 11, what is 4 + -7a672a1?
-7a67298
In base 5, what is -1 + -231103230?
-231103231
In base 16, what is -f - 37b09?
-37b18
In base 9, what is 5530883364 - -5?
5530883370
In base 16, what is 43db - -6b7?
4a92
In base 3, what is 1100101120 + -10210?
1100020210
In base 9, what is 207440472 - -3?
207440475
In base 4, what is -223 - -11112123?
11111300
In base 2, what is -1000111001010100 - -10010001000011?
-110101000010001
In base 4, what is -13 + -1113302023112?
-1113302023131
In base 7, what is -13 + -20332224?
-20332240
In base 6, what is 142 + 1012511?
1013053
In base 16, what is -5 - 24ec14?
-24ec19
In base 4, what is -2110210202 + -112?
-2110210320
In base 12, what is 3ab962 - 35?
3ab929
In base 12, what is 283b39a + -2b?
283b36b
In base 10, what is 11 - 205994?
-205983
In base 3, what is -22002 - 102202011211?
-102202110220
In base 6, what is -1 - 2441352?
-2441353
In base 4, what is -131322311122 - 333?
-131322312121
In base 14, what is 124c23d6 - 2?
124c23d4
In base 15, what is 4 + e2b7ca?
e2b7ce
In base 16, what is -aec08 - 54d?
-af155
In base 4, what is 100 - 13210213000?
-13210212300
In base 3, what is 122110020022012 - -100?
122110020022112
In base 2, what is -110110101 - -111010101100111111101?
111010101100001001000
In base 14, what is 5 + -204994b3?
-204994ac
In base 5, what is -320043403120 - 10?
-320043403130
In base 5, what is -43 - 1400301001?
-1400301044
In base 9, what is 14746 - -5622?
21468
In base 16, what is 20 + 8194?
81b4
In base 12, what is 10b4 + 55222?
56316
In base 15, what is -6e4 + -187a?
-206e
In base 5, what is -2304312320 + -200?
-2304313020
In base 11, what is 1437991 + -25?
1437967
In base 9, what is -32 - -177571?
177538
In base 13, what is -20 + -1286b84?
-1286ba4
In base 15, what is -1 + 38207a?
382079
In base 2, what is 11010110 + 100000111101111001?
100001000001001111
In base 13, what is -119420b1c - -3?
-119420b19
In base 15, what is 3b06b70 + -4?
3b06b6b
In base 16, what is -4 + 12dadf?
12dadb
In base 11, what is 21307 + -4?
21303
In base 2, what is 10000000 - 111011000111001?
-111010110111001
In base 5, what is -203321 + 1014021?
310200
In base 6, what is -312054411 - 3?
-312054414
In base 8, what is 44 + 4755636?
4755702
In base 5, what is 1434300434 - 12?
1434300422
In base 11, what is 3452 - 21?
3431
In base 9, what is 47237 - -1465?
48713
In base 10, what is 37050 - 317?
36733
In base 4, what is -3 + -13010212132?
-13010212201
In base 2, what is 101 + 11000111011001000111101001?
11000111011001000111101110
In base 11, what is 36a47 - 492?
36565
In base 14, what is -10216c - -c?
-102160
In base 10, what is -146735613 - 0?
-146735613
In base 9, what is 1 - 87823348?
-87823347
In base 15, what is 3 + 57e9a3?
57e9a6
In base 16, what is 6edb1 + 1e?
6edcf
In base 11, what is -11151 - -3775?
-8487
In base 15, what is -33c276 - -b5?
-33c1b1
In base 15, what is -5 + -811a1e?
-811a24
In base 2, what is 1 + -1001101110001111101111011?
-1001101110001111101111010
In base 5, what is 123121 - 412?
122204
In base 15, what is 266ec - -ec?
267e9
In base 14, what is -26a + -243b38?
-243da4
In base 16, what is -598 - 4f03?
-549b
In base 4, what is -211100231 + -223023?
-211323320
In base 15, what is 5144ea + -5?
5144e5
In base 5, what is 214 + -242113300?
-242113031
In base 14, what is -12bc4 + 3521?
-d6a3
In base 11, what is -8aa2a + -5?
-8aa34
In base 16, what is 1118c7d + -1b?
1118c62
In base 4, what is -10 + 101320013300?
101320013230
In base 12, what is -5433 - 10a?
-5541
In base 2, what is 111101011 - 10001000110101101?
-10000111111000010
In base 12, what is -4 - -282b754?
282b750
In base 13, what is a25 - -10461?
11186
In base 7, what is 3562553 + 6?
3562562
In base 4, what is -10 - 110232203310?
-110232203320
In base 16, what is 2ecc76 + 23?
2ecc99
In base 11, what is 180375a9 + 12?
18037610
In base 11, what is -10540982 + -16?
-10540998
In base 9, what is 3 + -6804561?
-6804557
In base 13, what is 41c0 - 6c?
4151
In base 6, what is -14000224543 - -1?
-14000224542
In base 13, what is -1260808 - -4?
-1260804
In base 15, what is be7e86 + 5e?
be7ee5
In base 12, what is 380346 + 5b?
3803a5
In base 8, what is 2305225 - -1?
2305226
In base 8, what is -2066 + -762740?
-765026
In base 16, what is 1cb2 + 1454?
3106
In base 16, what is -20ce6 - 1a3?
-20e89
In base 10, what is 36409 - 1087?
35322
In base 7, what is -300552 + 2504?
-265045
In base 5, what is -44011341 + -403?
-44012244
In base 9, what is -5832 - -32776?
25844
In base 9, what is 2148720 + 5?
2148725
In base 7, what is 101005411662 + 2?
101005411664
In base 16, what is 1 + -17cba8?
-17cba7
In base 13, what is -9 + -204944c?
-2049458
In base 3, what is -1020 + 11002101012110?
11002101011020
In base 5, what is 2400102 + -131322?
2213230
In base 13, what is 5bc1 + -12?
5bac
In base 5, what is -4444313 - 2311?
-10002124
In base 3, what is -20211000 + -12011021?
-102222021
In base 12, what is 351 + -4a083?
-49932
In base 10, what is -52 - 24316119?
-24316171
In base 2, what is 1101110111101111101 - -1000010111?
1101111000110010100
In base 13, what is 1171478 + 1?
1171479
In base 4, what is 332 - -122232000?
122232332
In base 15, what is 55e23b5 + -1?
55e23b4
In base 11, what is -320 + 116688?
116368
In base 6, what is -3025211050 - 0?
-3025211050
In base 7, what is 115464003 + 3?
115464006
In base 16, what is 4cdd + 8eb?
55c8
In base 3, what is 0 - -1201012000220?
1201012000220
In base 4, what is 221131 + -213232102?
-213010311
In base 10, what is 425973 - 18?
425955
In base 13, what is 162262 + 1b6?
162448
In base 2, what is -10 + 1101010100100001111101000?
1101010100100001111100110
In base 13, what is 5 - -10b3576?
10b357b
In base 3, what is 111200102010 - 12112?
111200012121
In base 5, what is -4 - -134033021442?
134033021433
In base 6, what is 23 - -314553254?
314553321
In base 15, what is 10928e7 - 18?
10928ce
In base 11, what is 2493014 - -5?
2493019
In base 3, what is -21002112220 + -1200?
-21002121120
In base 14, what is -133c302 + 8?
-133c2d8
In base 3, what is 100121210001202200 + 11?
100121210001202211
In base 5, what is -2324443 + 424?
-2324014
In base 3, what is -22012012011102020 - 0?
-22012012011102020
In base 15, what is -4 + 48146e?
48146a
In base 8, what is 1 - -522740?
522741
In base 13, what is 787698a + 3?
7876990
In base 12, what is -8 - 9a069a?
-9a06a6
In base 7, what is -143563 + 530?
-143033
In base 4, what is 10 + 100021013132?
100021013202
In base 3, what is -10 + -200200111212021100?
-200200111212021110
In base 8, what is 306 - -202106?
202414
In base 6, what is -2210 - -1005141?
1002531
In base 15, what is -6663 - 44?
-66a7
In base 6, what is 342500140 - 14?
342500122
In base 11, what is 1544512 - -8?
154451a
In base 8, what is -26012 + 704?
-25106
In base 16, what is -36c - -64c8?
615c
In base 9, what is 214438673 + -3?
214438670
In base 3, what is -1011022200020 + 1011210?
-1011021111110
In base 3, what is -1012021100012011 + -11?
-1012021100012022
In base 6, what is 100 - 33415202?
-33415102
In base 3, what is 21 - 10120012110112?
-10120012110021
In base 4, what is 3031103002320 + -2?
3031103002312
In base 5, what is -234 + 231123210?
231122421
In base 4, what is 0 - 1000011010313?
-1000011010313
In base 3, what is -100200121122010 - 21?
-100200121122101
In base 9, what is 4681 - -63081?
67772
In base 2, what is 100110000110100001 + -1100011?
100110000100111110
In base 10, what is 31738458 + -2?
31738456
In base 13, what is -355a828 - 5?
-355a830
In base 5, what is 40 + 141124424?
141130014
In base 3, what is 210222 + 1000?
211222
In base 7, what is 25 - 251121310?
-251121252
In base 9, what is 0 + -426837237?
-426837237
In base 7, what is 2 + -2001260?
-2001255
In base 13, what is -b7 + 649a0?
648b6
In base 2, what is 11000001100011 + -1100111101011110?
